. Is u prime?
False
Let l be (-10)/(-4)*8/10. Suppose -4*v + 34 = -2*j, -4*v - j + 19 = l*j. Suppose -w = -v*w + 1518. Is w a composite number?
True
Let t = -149056 + 291879. Is t prime?
False
Let h(q) = -20*q + 67. Let b(y) = y**3 - 10*y**2 - y - 2. Let c be b(10). Is h(c) composite?
False
Is (-357174)/(-63) - (-15)/(-35) a prime number?
True
Let f(a) = -14*a + 17. Let p(v) = -55*v + 69. Let j(x) = -9*f(x) + 2*p(x). Is j(3) a composite number?
True
Let x(f) = -3*f**2 + 2*f - 4. Let y(s) = -9*s**2 + 6*s - 11. Let o(t) = 8*x(t) - 3*y(t). Let l be o(1). Suppose -l*a + 228 = 2*a. Is a a composite number?
True
Suppose 5*y + 12 + 3 = 0. Is -6 - -35 - (1 - (1 + y)) a prime number?
False
Is 22642/8 + (-3)/(-4) prime?
False
Is (-24 + 5995)*(-111)/(-21) a composite number?
True
Suppose -4*x - 31*l + 2337 = -26*l, 2329 = 4*x - 3*l. Is x composite?
True
Suppose -111 = 5*h - 581. Suppose m + h = -3*g - 719, 0 = -4*m + 5*g - 3218. Let j = m - -1276. Is j composite?
True
Suppose -5*w = -3*k + 37787, 3*w + 8148 - 45903 = -3*k. Is k composite?
False
Let p(r) = -2*r + 15 + r - 2*r + 4*r. Let u be p(-12). Suppose -619 = -u*n + 332. Is n a composite number?
False
Let r = 34206 - 1645. Is r prime?
True
Suppose -862 = -2*a + 2*k, -4*a - 2*k + 434 = -3*a. Let i be (-4 - 271)*2/2. Let r = i + a. Is r prime?
True
Let d = 40 - 40. Suppose 4*k = -5*m + 1337, -3*m - 4*k = -d*m - 799. Is m a composite number?
False
Let g be 4/18 - (-116)/(-36). Let d be 330 - g*(-4)/(-6). Suppose 0*r = -4*r + d. Is r a prime number?
True
Let i(v) = -3*v + 10. Let d(c) = -1. Suppose -10*r = -5*r - 5. Let b(x) = r*d(x) - i(x). Is b(8) composite?
False
Suppose -19922 = -28*q + 66794. Is q prime?
False
Let d be -9 + 8 + 4 + 0. Let y(t) = 1008*t - 13. Is y(d) a composite number?
False
Let s(z) = -24 - 17 - z + 40 - 27*z. Suppose -18 = 2*p - d, -d = 4*d - 10. Is s(p) prime?
True
Let d(p) = 1940*p**2 + 15*p - 27. Is d(2) composite?
True
Suppose 4*m - 599 = -0*m + 5*r, -r = m - 143. Suppose -h = -m - 67. Is h a prime number?
False
Let z(l) be the second derivative of 16*l**3 + 5*l**2/2 - 26*l. Suppose 0 = d + 5*t - 24, 0*d = 4*d - 4*t. Is z(d) a prime number?
True
Suppose 0*g = 4*c + g + 52, -5*c - 65 = -4*g. Let s = c + 17. Is (396/54)/(s/42) a prime number?
False
Let w = 3045 - 1958. Is w prime?
True
Let n(y) = -86*y - 23. Let g(p) = p**2 + 8*p + 6. Let h be g(-6). Is n(h) a composite number?
True
Suppose 4*s - p + 3*p - 488 = 0, 5*p - 104 = -s. Suppose -364 + s = -3*n. Let d = n + -45. Is d a composite number?
True
Let u be 14/4*80/140. Suppose u*a = 4493 + 13277. Is a a composite number?
True
Suppose 5*i = -3*g + 2123, 2*g - 1406 = 3*i - 4*i. Let k be (-8892)/(-10) + 3 - (-4)/(-20). Suppose g = 4*f + 5*x, 0*f + 5*f + x = k. Is f a prime number?
True
Suppose k - 3*p - 70 = 6*k, -p = -2*k - 28. Is ((-15)/35 + 61888/k)/(-1) composite?
False
Suppose -2 = -4*z + 10. Suppose g - 2*o + z - 9 = 0, 5*o + 15 = 0. Suppose g = 5*y - 3*d - 4063, 0 = 3*y + d - 6*d - 2425. Is y composite?
True
Let k(f) = -6*f**3 - 14*f**2 + 23*f + 62. Is k(-13) prime?
False
Let o(d) = -40*d - 8. Let k be o(-12). Suppose -2*b + 3*b = 32. Is k/b - (-1)/4 a composite number?
True
Suppose 3*d + b - 4 = 0, 0 = 2*d - 0*b + 4*b - 16. Suppose -3*p + 273 + 276 = d. Let a = p - -784. Is a prime?
True
Suppose w = 5*w + 3*c - 4244, -2*w = -3*c - 2122. Is w a composite number?
False
Suppose -80*g + 84*g = 75084. Is g a prime number?
False
Suppose 0 = 5*w + 3*z + 10, 4*w + 0*w = -3*z - 8. Let j(k) be the second derivative of -3*k**5/5 - k**4/6 + k**3/2 + 3*k**2/2 - 25*k - 2. Is j(w) composite?
True
Let b = 18148 - 12150. Is b prime?
False
Suppose -9*l - 5*g = -10*l + 3352, 0 = -3*l - 2*g + 10005. Is l a prime number?
False
Let c be 1*(-1 - 1) + 8. Suppose -q = 3*p - 3, 5*q - 2*p + c*p = 26. Is -145*5/((-50)/q) a composite number?
True
Suppose 6*a - 3 = 9*a. Is (-130 + (-9)/(-3))/a a prime number?
True
Let o be 4/(-14) - 376/56. Let h be 437 - o/((-14)/4). Suppose t - 725 = -5*w, 2*w + w + 2*t = h. Is w composite?
True
Is 2930 - 4/(-8)*-14 prime?
False
Let o be (35/10)/(-7)*-10. Suppose -o*w - 2*w = -1358. Is w a prime number?
False
Let v(k) = 1927*k**2 - 2*k + 4. Is v(3) prime?
True
Suppose 137*m - 25503 = 134*m. Is m prime?
True
Let b be -36*(-24)/40*(-5)/(-4). Suppose b*k = 32*k - 155. Is k composite?
False
Is (-37)/((-4)/(-6) + 850/(-1122)) prime?
False
Let q(f) = 38*f**2 - 18*f - 127. Is q(20) a prime number?
True
Suppose 2*i - 13 = -4*c + 21, 5*c - 4*i - 62 = 0. Suppose -c*g + 11*g - 1727 = 0. Is g composite?
True
Suppose 4*q - 940 = 668. Suppose 0 = -3*x + x + q. Is x a composite number?
True
Suppose -10*k + 4*k + 18 = 0. Suppose 3*z + 12 + 0 = 0, -z - 961 = -k*i. Is i a prime number?
False
Suppose -v = 4*f + 114, 4*v - 6*f = -f - 561. Let c = v + 345. Is c composite?
False
Suppose 0 = -3*g + 9137 + 79282. Is g a composite number?
False
Let f be (-6)/12 + (-25)/(-2). Let r = 16 - f. Suppose 100 = -r*y + 8*y. Is y composite?
True
Let n be ((1 + -13)*-2)/(-1). Let m = -37 - n. Let o = 52 - m. Is o prime?
False
Is (-15522)/(-7) + (-78)/182 a prime number?
False
Let a(n) = n**2 + 3*n + 6. Let s be a(-11). Suppose t = -q + s, t - 4*q = 6*t - 471. Is t a prime number?
False
Let b(o) = 39*o**2 - o - 167. Is b(21) a prime number?
True
Suppose -g = 2*k - 0*g - 569, -g = -4*k + 1135. Let f = -33 + k. Is f prime?
True
Let x(f) be the second derivative of -17*f**5/4 - f**4/12 + f**3/2 + 3*f**2/2 + 20*f - 3. Suppose 0 = -5*k + 10, 2 = -4*o - 2*k - 2. Is x(o) a composite number?
False
Let r = 4213 - 722. Is r a prime number?
True
Let l(c) = 143*c**2 - 23*c + 1. Is l(-9) a composite number?
True
Suppose -8*p + 7688 + 2576 = 0. Suppose 2*d - p = 2073. Is d composite?
True
Suppose 2*j - 3*b - 15473 = 0, -2*b = 4*j - 3*b - 30921. Is j a composite number?
True
Let z be 0/(4/(-2 - -6)). Suppose y + 0*y = -3*l - 557, z = 4*l - 2*y + 746. Let d = -107 - l. Is d a composite number?
False
Let k be (220356/54)/(2*(-2)/(-6)). Let i = -3332 + k. Is i a composite number?
False
Suppose 48*s = 34*s + 32662. Is s prime?
True
Let v = 8822 - -5937. Is v prime?
True
Suppose -818697 = -67*m + 148448. Is m a composite number?
True
Let y(f) = -f + 4. Let z be y(0). Is 13/((z/(-56))/((-1)/2)) prime?
False
Is -6 - -3 - (-9525 - 1) prime?
False
Suppose -5*r = 5, 356*k - 3*r + 10470 = 359*k. Is k prime?
True
Suppose 7*z - 7886 = 5*z. Is z a composite number?
False
Let k = 315 - 93. Suppose 3*g + 3*i - k = 0, -g - 4*i - 370 = -6*g. Suppose -g = -x + 5*j, 134 = 2*x - 0*x + 4*j. Is x composite?
True
Suppose -55*s - 51396 = -67*s. Is s a prime number?
True
Suppose 2 + 3 = -3*s + b, -s = 3*b - 15. Suppose s = -0*g + g - 257. Is g a composite number?
False
Suppose -5*m - q + 1952 = -494, -4*m + 2*q + 1954 = 0. Is m a prime number?
False
Let w be (-3)/(5/(-25)*3). Suppose 3*r = w*r - 62. Is r composite?
False
Let d be 2*(1 + (-2 - -2)). Suppose -7*r + d*r = -5. Is ((-106)/(-6))/(r/3) a composite number?
False
Is (-13 + 12)*(-4201 + 0) a composite number?
False
Let j = 9 - 5. Suppose j*k + 2*x = 434 + 1150, -4*k + 4*x + 1560 = 0. Suppose 2*o = k + 28. Is o prime?
True
Let n = 50 - 50. Suppose n = -3*m + 8*m + x - 1491, -307 = -m + 2*x. Is m composite?
True
Suppose -14 = 5*s + 2*v, 0*v - v + 7 = -s. Let c be 5114/8 + s/16. Let i = -428 + c. Is i a composite number?
False
Suppose -5 + 0 = -o. Suppose o*z + 5245 = 10*z. Is z composite?
False
Let q(w) be the first derivative of 29*w**2/2 + 9*w - 76. Suppose -f + 5*f = 40. Is q(f) a composite number?
True
Let d be 3700/8*(0 + 6). Suppose -2*t + d = 5*b, t = 3*b - 295 - 1381. Is b a composite number?
False
Let w(t) = 10*t**2 + 8*t + 6. Let z(m) = -5*m**2 - 4*m - 3. Let h(o) = 3*w(o) + 5*z(o). Is h(-2) a prime number?
False
Let z = 5603 + 1430. Is z prime?
False
Let d(x) = 303*x - 352. Is d(27) a prime number?
True
Let x = -51 - -33. Is (3*43716/x)/(-2) prime?
True
Is (-1)/(-3) + 552064/24 composite?
False
Let c = -9989 + 15057. Let u = -1989 + c. Is u composite?
False
Let f = -77866 + 128627. Is f a composite number?
True
Let s(x) = -17896*x**3 - x**2 - 9*x - 7. Is s(-1) composite?
True
Let m = 25 - 25. Suppose m = -5*i + 4*c + 161, 4*i - 153 = -5*c - 16. Is i prime?
False
Let b(y) = -24*y - 8. Let i be b(5). Let l = -114 - -369.